
34
Calculate the highest common factor of 340389430 and 1115.
1115
What is the highest common factor of 393439895 and 17630?
8815
Calculate the highest common divisor of 3214424 and 8632.
664
Calculate the greatest common divisor of 250 and 2220200.
50
What is the greatest common divisor of 1036 and 1799644?
28
What is the greatest common factor of 129920 and 542010?
2030
Calculate the highest common factor of 5138 and 340074.
14
What is the greatest common divisor of 61931 and 8143?
17
What is the highest common factor of 124311755 and 50751?
5639
What is the greatest common divisor of 23934750 and 6110?
470
What is the highest common divisor of 115140 and 18069?
57
Calculate the greatest common factor of 8844554 and 6956.
3478
What is the greatest common divisor of 132 and 817081518?
66
Calculate the greatest common divisor of 3901 and 2350847927.
3901
What is the highest common factor of 2455 and 754968965?
2455
Calculate the greatest common factor of 59292 and 596214.
3294
Calculate the greatest common factor of 11615 and 1945765.
505
What is the highest common divisor of 10105814 and 310?
62
What is the highest common factor of 10488 and 51757824?
456
What is the highest common divisor of 92 and 2551873?
23
Calculate the greatest common divisor of 18969958 and 56.
14
What is the highest common factor of 6984 and 90560073?
291
Calculate the highest common factor of 72998828 and 28.
28
Calculate the highest common factor of 2595064 and 2951.
227
Calculate the greatest common divisor of 2365484 and 144892.
1628
Calculate the greatest common factor of 200560 and 138.
46
Calculate the greatest common factor of 128244120 and 120.
120
Calculate the greatest common factor of 1681970 and 9220.
10
Calculate the highest common factor of 600545 and 2684.
671
What is the greatest common divisor of 39317766 and 6?
6
What is the highest common factor of 28988 and 34868?
4
Calculate the highest common divisor of 350856 and 846.
18
Calculate the greatest common divisor of 92003940 and 1260.
1260
What is the greatest common factor of 376 and 54179908?
188
What is the greatest common factor of 1710536840 and 265?
265
What is the highest common factor of 244035 and 54183165?
7395
What is the highest common factor of 100614 and 47314?
82
What is the greatest common factor of 264 and 5212504?
88
Calculate the greatest common divisor of 17787 and 95109.
147
Calculate the highest common divisor of 1064551 and 16939.
1303
Calculate the greatest common factor of 800 and 123724400.
400
Calculate the greatest common factor of 106960081 and 296.
37
What is the greatest common factor of 29422016 and 192?
64
What is the greatest common divisor of 110266112 and 1408?
1408
Calculate the greatest common factor of 10 and 29586545.
5
What is the greatest common factor of 3513 and 171337207?
1171
Calculate the highest common divisor of 104 and 150166744.
104
What is the greatest common divisor of 1104452902 and 2968?
742
Calculate the highest common factor of 252852000 and 12.
12
Calculate the highest common factor of 260934 and 732942.
1662
What is the highest common factor of 55423380 and 228?
228
Calculate the highest common factor of 514 and 265905307.
257
Calculate the highest common factor of 22066 and 5440.
34
What is the greatest common factor of 27092 and 29198?
26
What is the greatest common factor of 192 and 20681568?
96
What is the highest common factor of 6 and 2051667318?
6
What is the greatest common divisor of 172707 and 65078?
2503
Calculate the greatest common factor of 246456403 and 1726.
863
Calculate the greatest common divisor of 91113988 and 308.
28
Calculate the greatest common factor of 572 and 6561412.
572
Calculate the greatest common divisor of 2259895 and 88315.
85
What is the greatest common divisor of 18 and 878082?
6
Calculate the highest common factor of 784 and 191722545.
49
What is the greatest common divisor of 20416525 and 35075?
575
Calculate the greatest common divisor of 2771308 and 1598.
94
What is the highest common divisor of 342619 and 1007774?
151
What is the highest common factor of 298 and 272754334?
298
What is the greatest common factor of 6 and 242769666?
6
What is the highest common factor of 556857 and 36?
9
Calculate the highest common factor of 752542 and 26328.
2194
Calculate the greatest common divisor of 2232 and 3154752.
72
What is the greatest common factor of 8394143 and 19?
19
Calculate the greatest common factor of 417197858 and 418.
418
Calculate the highest common factor of 63954 and 1552950.
306
Calculate the greatest common divisor of 249856 and 12871.
61
Calculate the greatest common factor of 229 and 63516814.
229
Calculate the greatest common factor of 36 and 356621085.
9
What is the greatest common divisor of 227500 and 215?
5
What is the highest common divisor of 28 and 39119794?
14
Calculate the highest common factor of 61 and 9338734.
61
Calculate the greatest common divisor of 5930102 and 1.
1
Calculate the highest common factor of 6408 and 9860666.
178
Calculate the greatest common divisor of 17748 and 3312090.
522
What is the highest common factor of 17301600 and 6764?
356
What is the highest common factor of 52 and 88285756?
52
Calculate the greatest common factor of 128555 and 1293.
1
Calculate the highest common divisor of 92377260 and 3810.
3810
What is the highest common divisor of 4276917 and 6021?
2007
Calculate the highest common factor of 112620820 and 28756.
4108
What is the greatest common divisor of 1628998 and 1150?
46
Calculate the highest common factor of 10540044 and 1134.
162
Calculate the greatest common divisor of 60 and 519285.
15
Calculate the highest common divisor of 411 and 84886981.
137
What is the highest common divisor of 2463022 and 4?
2
What is the greatest common factor of 25844 and 11804?
52
What is the greatest common divisor of 231 and 6063673?
77
What is the greatest common factor of 366 and 3827706?
6
Calculate the greatest common factor of 2241582 and 8512.
266
Calculate the highest common divisor of 670063301 and 6302.
3151
Calculate the highest common factor of 63 and 4311.
9
Calculate the highest common factor of 1365 and 4878965.
455
What is the highest common divisor of 95 and 1102209?
19
Calculate the greatest common factor of 213663 and 1541.
67
What is the highest common factor of 44 and 46544366?
22
What is the highest common factor of 581923 and 92?
23
What is the greatest common divisor of 1 and 20936496?
1
What is the highest common divisor of 80 and 9295184?
16
What is the greatest common divisor of 378784 and 3413312?
4256
Calculate the greatest common factor of 774060 and 139098.
582
Calculate the greatest common factor of 425 and 130487025.
25
What is the highest common factor of 479035 and 2933065?
745
What is the greatest common divisor of 3521 and 342139091?
3521
Calculate the highest common factor of 16071925 and 75.
25
What is the greatest common divisor of 3160 and 1957880?
40
What is the highest common factor of 583 and 6022577?
11
What is the greatest common factor of 70357371 and 378?
21
Calculate the greatest common divisor of 33358565 and 10.
5
Calculate the greatest common divisor of 11 and 1184.
1
Calculate the highest common divisor of 43880075 and 4820.
1205
Calculate the greatest common factor of 4156754 and 28.
14
What is the highest common divisor of 393608671 and 2892?
241
What is the highest common factor of 182 and 237548064?
26
What is the greatest common factor of 130024733 and 247?
19
What is the greatest common factor of 27721 and 57?
19
Calculate the greatest common divisor of 405736 and 140712.
328
What is the highest common factor of 615214 and 30580?
278
What is the greatest common factor of 2660 and 713095460?
2660
What is the greatest common factor of 2929939 and 62?
1
Calculate the highest common factor of 230770 and 179706.
982
Calculate the highest common divisor of 22889140 and 10.
10
What is the greatest common factor of 7264 and 1916561?
227
Calculate the greatest common divisor of 557 and 598392341.
557
Calculate the greatest common divisor of 415024 and 14576.
16
Calculate the greatest common factor of 38540 and 2536465.
205
What is the greatest common factor of 43162209 and 54?
9
Calculate the highest co